git of 2056?
2
What is the hundreds digit of 7058?
0
What is the tens digit of 1173?
7
What is the units digit of 35345?
5
What is the tens digit of 2645?
4
What is the hundreds digit of 196?
1
What is the units digit of 32248?
8
What is the units digit of 174530?
0
What is the tens digit of 4439?
3
What is the units digit of 499?
9
What is the tens digit of 3725?
2
What is the units digit of 8414?
4
What is the hundreds digit of 78317?
3
What is the tens digit of 794?
9
What is the units digit of 13279?
9
What is the tens digit of 32731?
3
What is the hundreds digit of 2640?
6
What is the thousands digit of 6666?
6
What is the hundreds digit of 492?
4
What is the tens digit of 21?
2
What is the thousands digit of 5688?
5
What is the tens digit of 9961?
6
What is the ten thousands digit of 21714?
2
What is the hundreds digit of 1557?
5
What is the tens digit of 511?
1
What is the units digit of 611?
1
What is the hundreds digit of 3605?
6
What is the units digit of 842?
2
What is the tens digit of 15807?
0
What is the tens digit of 9187?
8
What is the tens digit of 15776?
7
What is the tens digit of 123928?
2
What is the hundreds digit of 7201?
2
What is the units digit of 667?
7
What is the tens digit of 4789?
8
What is the thousands digit of 20505?
0
What is the units digit of 7263?
3
What is the units digit of 1120?
0
What is the hundreds digit of 16397?
3
What is the tens digit of 314?
1
What is the thousands digit of 5643?
5
What is the tens digit of 3605?
0
What is the units digit of 25079?
9
What is the hundreds digit of 1795?
7
What is the ten thousands digit of 21391?
2
What is the hundreds digit of 1626?
6
What is the tens digit of 2182?
8
What is the units digit of 21760?
0
What is the thousands digit of 38459?
8
What is the units digit of 2802?
2
What is the units digit of 31?
1
What is the tens digit of 1174?
7
What is the thousands digit of 30232?
0
What is the hundred thousands digit of 171971?
1
What is the hundreds digit of 61122?
1
What is the hundreds digit of 102563?
5
What is the units digit of 40260?
0
What is the hundreds digit of 14912?
9
What is the ten thousands digit of 72468?
7
What is the hundreds digit of 970?
9
What is the units digit of 573?
3
What is the units digit of 1065?
5
What is the tens digit of 3299?
9
What is the hundreds digit of 27165?
1
What is the tens digit of 509?
0
What is the ten thousands digit of 26438?
2
What is the hundreds digit of 31809?
8
What is the tens digit of 4366?
6
What is the units digit of 858?
8
What is the tens digit of 15417?
1
What is the tens digit of 1129?
2
What is the tens digit of 23532?
3
What is the units digit of 70443?
3
What is the tens digit of 41262?
6
What is the units digit of 26315?
5
What is the tens digit of 651?
5
What is the units digit of 1034?
4
What is the units digit of 1970?
0
What is the hundreds digit of 23566?
5
What is the thousands digit of 1721?
1
What is the thousands digit of 23059?
3
What is the units digit of 1390?
0
What is the units digit of 11848?
8
What is the tens digit of 655?
5
What is the thousands digit of 147003?
7
What is the thousands digit of 9888?
9
What is the tens digit of 750?
5
What is the tens digit of 18502?
0
What is the thousands digit of 17308?
7
What is the units digit of 4777?
7
What is the hundreds digit of 60073?
0
What is the thousands digit of 100618?
0
What is the tens digit of 14802?
0
What is the tens digit of 18792?
9
What is the ten thousands digit of 42553?
4
What is the units digit of 1497?
7
What is the units digit of 931?
1
What is the hundreds digit of 2275?
2
What is the hundreds digit of 10459?
4
What is the hundreds digit of 1035?
0
What is the tens digit of 817?
1
What is the tens digit of 649?
4
What is the units digit of 1023?
3
What is the tens digit of 1610?
1
What is the units digit of 835?
5
What is the thousands digit of 14055?
4
What is the thousands digit of 4402?
4
What is the units digit of 39256?
6
What is the tens digit of 144303?
0
What is the thousands digit of 1400?
1
What is the thousands digit of 2241?
2
What is the hundreds digit of 3265?
2
What is the units digit of 19773?
3
What is the tens digit of 2386?
8
What is the units digit of 11918?
8
What is the units digit of 224?
4
What is the units digit of 7411?
1
What is the hundreds digit of 1428?
4
What is the thousands digit of 1616?
1
What is the hundreds digit of 43326?
3
What is the hundreds digit of 21554?
5
What is the tens digit of 736?
3
What is the hundreds digit of 135940?
9
What is the tens digit of 2090?
9
What is the hundreds digit of 27792?
7
What is the tens digit of 1475?
7
What is the units digit of 56?
6
What is the hundreds digit of 875?
8
What is the units digit of 210?
0
What is the hundreds digit of 1870?
8
What is the units digit of 245?
5
What is the units digit of 2639?
9
What is the tens digit of 45?
4
What is the hundreds digit of 41167?
1
What is the tens digit of 606?
0
What is the hundreds digit of 2081?
0
What is the hundreds digit of 12004?
0
What is the tens digit of 26548?
4
What is the units digit of 2902?
2
What is the hundreds digit of 81238?
2
What is the units digit of 675?
5
What is the units digit of 1322?
2
What is the units digit of 1035?
5
What is the hundreds digit of 12003?
0
What is the hundreds digit of 794?
7
What is the units digit of 1478?
8
What is the thousands digit of 128744?
8
What is the units digit of 757?
7
What is the ten thousands digit of 95379?
9
What is the ten thousands digit of 20873?
2
What is the thousands digit of 147583?
7
What is the thousands digit of 1068?
1
What is the units digit of 2004?
4
What is the units digit of 2862?
2
What is the thousands digit of 58015?
8
What is the thousands digit of 15334?
5
What is the tens digit of 38099?
9
What is the hundreds digit of 650?
6
What is the tens digit of 1191?
9
What is the tens digit of 7671?
7
What is the thousands digit of 15269?
5
What is the tens digit of 829?
2
What is the units digit of 74251?
1
What is the hundreds digit of 7297?
2
What is the hundreds digit of 1865?
8
What is the thousands digit of 1616?
1
What is the thousands digit of 107949?
7
What is the tens digit of 606?
0
What is the tens digit of 151018?
1
What is the units digit of 432?
2
What is the tens digit of 260?
6
What is the units digit of 1163?
3
What is the tens digit of 58648?
4
What is the units digit of 60965?
5
What is the units digit of 6868?
8
What is the tens digit of 30593?
9
What is the hundreds digit of 594?
5
What is the units digit of 8025?
5
What is the units digit of 518?
8
What is the hundreds digit of 57152?
1
What is the tens digit of 740?
4
What is the thousands digit of 126471?
6
What is the thousands digit of 6555?
6
What is the units digit of 65108?
8
What is the units digit of 137?
7
What is the thousands digit of 5048?
5
What is the ten thousands digit of 83496?
8
What is the thousands digit of 16254?
6
What is the tens digit of 9514?
1
What is the units digit of 14741?
1
What is the tens digit of 497?
9
What is the units digit of 2182?
2
What is the units digit of 434?
4
What is the tens digit of 114970?
7
What is the tens digit of 12597?
9
What is the hundreds digit of 4466?
4
What is the hundreds digit of 15505?
5
What is the units digit of 321?
1
What is the hundreds digit of 8598?
5
What is the hundreds digit of 3234?
2
What is the hundreds digit of 1758?
7
What is the tens digit of 11508?
0
What is the hundreds digit of 7271?
2
What is the ten thousands digit of 11441?
1
What is the thousands digit of 1821?
1
What is the thousands digit of 1846?
1
What is the units digit of 927?
7
What is the thousands digit of 2233?
2
What is the units digit of 23458?
8
What is the hundreds digit of 115500?
5
What is the units digit of 605?
5
What is the tens digit of 987?
8
What is the thousands digit of 3223?
3
What is the thousands digit of 4705?
4
What is the ten thousands digit of 46355?
4
What is the thousands digit of 4300?
4
What is the tens digit of 4131?
3
What is the tens digit of 437?
3
What is the hundreds digit of 9067?
0
What is the units digit of 63452?
2
What is the thousands digit of 1997?
1
What is the units digit of 30550?
0
What is the hundreds digit of 7822?
8
What is the thousands digit of 169